 7*z + 15. What is the remainder when 41 is divided by m(-7)?
11
Let p(h) = -10*h + 9. Calculate the remainder when p(-1) is divided by 8.
3
Let k = 20 - 18. Suppose -k*i + 7*i - 315 = 0. Calculate the remainder when i is divided by 16.
15
Suppose 0 = -4*d + 14 + 22. Calculate the remainder when 16 is divided by d.
7
Let x(m) = -8*m + 2. Let k(z) be the first derivative of -z**3/3 + z**2/2 + 4*z + 1. Calculate the remainder when x(-1) is divided by k(0).
2
Let h(z) = -z**3 + 5*z**2 + 5*z + 4. Let a = 231 - 223. What is the remainder when h(5) is divided by a?
5
Let w = 26 + -37. Let g(h) = -h**2 - 12*h - 8. Calculate the remainder when 8 is divided by g(w).
2
Suppose -5*y = -0*y + 10. Calculate the remainder when 1/2 - 11/y is divided by 4.
2
Suppose -7*m + 8 = -5*m. Calculate the remainder when m is divided by 1.
0
Let l = 88 - 141. Let o = -31 - l. Let z = o + -15. Calculate the remainder when 13 is divided by z.
6
Let r(h) = 3*h - 7. Suppose 0 = -5*a + 7*a - 10. Calculate the remainder when 23 is divided by r(a).
7
Let s(o) = -o**3 - o**2 + 4*o + 2. Calculate the remainder when 15 is divided by s(-3).
7
Let a(i) = -i**2 - i + 70. Calculate the remainder when a(0) is divided by 24.
22
What is the remainder when 14/(-77) + 730/22 is divided by 18?
15
Suppose -17 = -3*a + 40. Calculate the remainder when 33 is divided by a.
14
Suppose 5*k = 3*s + 36, -5*s + 3 - 13 = 0. Suppose q = -q + 4. Calculate the remainder when k is divided by q.
0
Let y be 1 - (-1)/1 - 4. Let t(f) be the first derivative of 2*f**3/3 - 2*f**2 - 3*f + 24. Calculate the remainder when 49 is divided by t(y).
10
Let b(p) = 2*p. Suppose 6*u - u - 465 = 0. What is the remainder when u is divided by b(16)?
29
Let g be -3*(0 - (-4)/6). Let l(q) = -10*q - 17. Let t be l(-5). Let r = t + g. Calculate the remainder when r is divided by 8.
7
Let s(k) = k**2 + k - 6. Calculate the remainder when 15 is divided by s(3).
3
Let s(z) = -z**3 - 3*z**2 + 12*z - 11. Calculate the remainder when s(-6) is divided by 9.
7
Suppose 3*c - 40 = c. What is the remainder when c is divided by 12?
8
Suppose 49 = 5*l + 4*z, -22 - 18 = -4*l - 3*z. Calculate the remainder when 33 is divided by l.
7
Suppose 0*o - 3*q + 17 = -2*o, 3*o + q = -20. Let i = -1 - o. What is the remainder when 11 is divided by i?
5
Let c = 65 + -39. Calculate the remainder when 76 is divided by c.
24
Let c(x) = 2*x**2 + 3*x. Let z(m) = -4*m**2 - 7*m + 1. Let b(t) = 9*c(t) + 4*z(t). Let h(u) = u + 7. Calculate the remainder when b(-3) is divided by h(6).
12
Suppose 31 = 5*a - 29. Let n = -12 + 12. Suppose j + 3*s - 4 = n, 0 = j - 2*j + 5*s + a. Calculate the remainder when j is divided by 4.
3
Calculate the remainder when 16 + 0/(-4) + -2 is divided by 8.
6
Let w = -13 - -3. Let m = w + 19. What is the remainder when (-16)/(1 + -2*1) is divided by m?
7
Let i = -22 - -32. What is the remainder when 79 is divided by i?
9
Let k = -28 + -49. Let m = k - -114. Calculate the remainder when m is divided by 13.
11
Let v be 12/9 - 1/3. Let b be (-1 - v)*1 + 4. Calculate the remainder when 25 is divided by 2/b + 11 + 1.
12
Let x = -15 - -36. Let d = 2 - -10. What is the remainder when x is divided by d?
9
Suppose 483 + 65 = 4*y. What is the remainder when y is divided by 14?
11
Let a(n) = n**2 + 3*n + 82. Let t be a(0). Suppose -5*j + 13 = -4*u, 3 + 4 = -2*u + 3*j. Calculate the remainder when (-3)/(u + t/44) is divided by 8.
6
Let a = 98 - 67. What is the remainder when 92 is divided by a?
30
Let a = 5 - 0. Calculate the remainder when 12 is divided by a.
2
Let g = 7 - -10. What is the remainder when 47 is divided by g?
13
Suppose 2*v - 2 = 3*u, -v + 5*u = v + 2. Suppose 8 = -n - 2*b, n + v*n + b = 5. Let c = -11 + 12. What is the remainder when n is divided by c?
0
Let j = -19 + 28. Calculate the remainder when 42 is divided by j.
6
Let y = 14 - 23. Let p be (45/2)/(y/(-12)). Suppose -2*w + 0*x = 2*x - p, -4*w + 3*x = -67. Calculate the remainder when w is divided by 9.
7
Suppose w - 42 = -w. What is the remainder when w is divided by -6*2/(-6) - -4?
3
Suppose 0 = 3*n - 3 - 6. Suppose 1 + n = 2*u. Suppose -4*o + 4*s - 10 = -o, -o = -s + u. Calculate the remainder when o is divided by 2.
0
Suppose -4*x = -2*z - 3*x + 7, 2*x - 7 = -3*z. Let y = -2 + z. Suppose -c = -y - 0. Calculate the remainder when 2 is divided by c.
0
Let t(k) = k**3 - 7*k**2 - 7*k - 6. Let z be t(8). What is the remainder when 19 is divided by -8*(z + 1)/(-6)?
3
Calculate the remainder when (-1)/(1*4/(-184)) is divided by 12.
10
What is the remainder when 166 is divided by 11 - 1 - (-2 + 0)?
10
Suppose 4*x - 20 = -x. Suppose x*h - 4*q - 62 - 78 = 0, 4*h = -q + 160. Calculate the remainder when h is divided by 20.
19
Suppose p - 11*p + 820 = 0. What is the remainder when p is divided by 22?
16
Suppose 40 + 34 = m. What is the remainder when m is divided by 28?
18
Suppose 0 = -o + 5*o - 276. Calculate the remainder when o is divided by 18.
15
Let x be (1 + 3)*3/4. Calculate the remainder when 2 is divided by (2 + 0)/(3/x).
0
Let j = -20 - -23. Suppose -3*q + 9 = 0, -j*x - q = -4*q - 48. Calculate the remainder when x is divided by 10.
9
What is the remainder when 132 is divided by 1/(5/225) - 0?
42
Suppose 1 + 5 = 2*s - a, 4*s + 5*a - 40 = 0. Let v = 14 - 7. What is the remainder when v is divided by s?
2
Let b = 0 - 12. Suppose -3*n - 15 = -6*n. Calculate the remainder when (-100)/(-6) - 4/b is divided by n.
2
Let a = 20 + -6. Suppose -16*x + 18 = -13*x. Suppose x*j - 106 - 128 = 0. What is the remainder when j is divided by a?
11
Suppose 4*o + 4*g = 72, -5*o = -3*o - 5*g - 36. Calculate the remainder when o is divided by 8.
2
What is the remainder when (12/26)/3 + 27468/91 is divided by 61?
58
Suppose 2*v - 3*q + q - 22 = 0, -2*v - 2*q + 14 = 0. Let w = -4 + 10. Calculate the remainder when v is divided by w.
3
Suppose 4*u + r - 232 = -3*r, -3*u + 4*r + 188 = 0. Suppose 0*o - 3*o - 24 = -t, -5*t + 3*o + u = 0. What is the remainder when t is divided by 4?
1
Let s = -10 - -14. Suppose -s*d + 12 = -d. What is the remainder when 7 is divided by d?
3
Let i be (19/(3 - 2))/1. Suppose 4*q - 2*z - 3*z = i, 5*q - 60 = -z. Calculate the remainder when 31 is divided by q.
9
Let d = 5 - -1. Suppose -d = -2*p + q + 2, 0 = 3*p + 4*q + 10. Let r = 43 - 40. What is the remainder when r is divided by p?
1
Suppose -127 + 518 = 23*k. Calculate the remainder when 134 is divided by k.
15
Suppose -2*j = -5*x + 3*j + 25, 5*x = -2*j + 32. Suppose 0 = 2*f - x*f + 60. Calculate the remainder when f is divided by 4.
3
Suppose 3*f = -r + 2*f + 20, -5*r = -f - 118. Suppose -30*t - r = -31*t. What is the remainder when 68 is divided by t?
22
Let m = -16 + 26. What is the remainder when 15 is divided by 15/6*16/m?
3
Suppose 3 = -5*i + 18. Suppose -5*k + 19 = -i*y, -4*y = y - 2*k. Suppose f + y = 0, 4*f - 78 = 5*n - 221. What is the remainder when n is divided by 14?
13
Suppose 19 - 2 = m. Let k = m - -15. Calculate the remainder when k is divided by 11.
10
Let o(n) = n + 4. Calculate the remainder when 37 is divided by o(6).
7
Let y(i) = i - 2. Let r(l) = 2*l**3 - 31*l**2 - 17*l + 17. Calculate the remainder when y(4) is divided by r(16).
0
Suppose -w - 42 = -5*c, 2*c + 183 = w - 6*w. Suppose -219 = -4*m + 3*y, 0 = -2*m - 3*y - 49 + 154. Let v = m + w. What is the remainder when v is divided by 9?
8
Suppose -2*a - 2 = -26. Calculate the remainder when 46 is divided by a.
10
Let x(f) = -f - 6. Let o be x(-6). Suppose o = 3*r - 6*r. Let p = 3 + r. What is the remainder when 5 is divided by p?
2
Suppose -31 = -p - p - k, -15 = 3*k. Suppose -3*n + p = -3. What is the remainder when 12 is divided by n?
5
Let i(q) = q**3 - 13*q**2 + 13*q - 7. What is the remainder when 7 is divided by i(12)?
2
Let b(l) = -11*l - 25. Calculate the remainder when b(-8) is divided by 8.
7
Let b = 134 + -119. Calculate the remainder when 27 is divided by b.
12
Suppose -18*a + 45 = -3*a. What is the remainder when 11 is divided by a?
2
Let y(w) = w**2 - 9*w - 8. Suppose -5*o = -3*x + 48, -5*x + 96 = o - 4*o. What is the remainder when y(-5) is divided by x?
20
Let h(x) = x**3 + 4*x**2 - 3*x + 2. Suppose -25 = 5*p, -64*f + 65*f - 23 = 3*p. What is the remainder when h(-4) is divided by f?
6
What is the remainder when (930